{"id":9400,"date":"2024-01-10T08:57:08","date_gmt":"2024-01-10T08:57:08","guid":{"rendered":"https:\/\/avesgams.org\/events\/charla-la-navidad-en-duelo\/"},"modified":"2024-01-10T08:57:08","modified_gmt":"2024-01-10T08:57:08","slug":"charla-la-navidad-en-duelo","status":"publish","type":"mec-events","link":"https:\/\/avesgams.org\/es\/events\/charla-la-navidad-en-duelo\/","title":{"rendered":"CHARLA: LA NAVIDAD EN DUELO"},"content":{"rendered":"<p><strong>Una charla participativa para identificar los retos que llegan con las fiestas durante un proceso de luto, compartir los miedos y revisar las diferentes maneras de vivir estos d\u00edas, y tambi\u00e9n repasar estrategias que pueden ser de utilidad en estos momentos dif\u00edciles.<\/strong><\/p>\n<p><strong>Con una metodolog\u00eda participativa, reflexiva y din\u00e1mica<\/strong><\/p>\n<h3>TEMAS QUE TRATAREMOS<\/h3>\n<p><em>La Navidad \u00abdesde dentro\u00bb y la Navidad \u00abdesde fuera\u00bb<\/em><\/p>\n<p><em>Una p\u00e9rdida, muchos duelos<\/em><\/p>\n<p><em>\u00bfC\u00f3mo afrontamos y gestionamos las fiestas cuando estamos en duelo? <\/em><\/p>\n<p><em>Claves para un autocuidado sint\u00f3nico<\/em><\/p>\n<p><em>Caja de herramientas de autoregulaci\u00f3n.<\/em><\/p>\n<h3>CALENDARIO Y HORARIO<\/h3>\n<p>Viernes 15 de diciembre de 17h a 19.30h<\/p>\n<h3>FACILITA<\/h3>\n<p><strong>Emma Nav\u00f3. <\/strong>Terapeuta especializada en duelo, trauma y vinculaci\u00f3n. Trabaja al servicio del acompa\u00f1amiento a los procesos de duelo con una perspectiva human\u00edstica, integrativa y comunitaria.<\/p>\n<h3>APORTACI\u00d3N<\/h3>\n<p>15\u20ac<\/p>\n<h3>INSCRIPCIONES<\/h3>\n<p><a href=\"https:\/\/avesgams.org\/contacto\/\">Reserva tu plaza<\/a><\/p>\n","protected":false},"excerpt":{"rendered":"<p>Una charla participativa para identificar los retos que llegan con las fiestas durante un proceso de luto, compartir los miedos y revisar las diferentes maneras de vivir estos d\u00edas, y tambi\u00e9n repasar estrategias que pueden ser de utilidad en estos momentos dif\u00edciles. Con una metodolog\u00eda participativa, reflexiva y din\u00e1mica TEMAS QUE TRATAREMOS La Navidad \u00abdesde [&hellip;]<\/p>\n","protected":false},"author":1,"featured_media":9399,"comment_status":"open","ping_status":"closed","template":"","tags":[],"mec_category":[123],"class_list":["post-9400","mec-events","type-mec-events","status-publish","has-post-thumbnail","hentry","mec_category-charlas"],"_links":{"self":[{"href":"https:\/\/avesgams.org\/es\/wp-json\/wp\/v2\/mec-events\/9400","targetHints":{"allow":["GET"]}}],"collection":[{"href":"https:\/\/avesgams.org\/es\/wp-json\/wp\/v2\/mec-events"}],"about":[{"href":"https:\/\/avesgams.org\/es\/wp-json\/wp\/v2\/types\/mec-events"}],"author":[{"embeddable":true,"href":"https:\/\/avesgams.org\/es\/wp-json\/wp\/v2\/users\/1"}],"replies":[{"embeddable":true,"href":"https:\/\/avesgams.org\/es\/wp-json\/wp\/v2\/comments?post=9400"}],"wp:featuredmedia":[{"embeddable":true,"href":"https:\/\/avesgams.org\/es\/wp-json\/wp\/v2\/media\/9399"}],"wp:attachment":[{"href":"https:\/\/avesgams.org\/es\/wp-json\/wp\/v2\/media?parent=9400"}],"wp:term":[{"taxonomy":"post_tag","embeddable":true,"href":"https:\/\/avesgams.org\/es\/wp-json\/wp\/v2\/tags?post=9400"},{"taxonomy":"mec_category","embeddable":true,"href":"https:\/\/avesgams.org\/es\/wp-json\/wp\/v2\/mec_category?post=9400"}],"curies":[{"name":"wp","href":"https:\/\/api.w.org\/{rel}","templated":true}]}}

<p><strong>Una charla participativa para identificar los retos que llegan con las fiestas durante un proceso de luto, compartir los miedos y revisar las diferentes maneras de vivir estos días, y también repasar estrategias que pueden ser de utilidad en estos momentos difíciles.</strong></p>
<p><strong>Con una metodología participativa, reflexiva y dinámica</strong></p>
<h3>TEMAS QUE TRATAREMOS</h3>
<p><em>La Navidad «desde dentro» y la Navidad «desde fuera»</em></p>
<p><em>Una pérdida, muchos duelos</em></p>
<p><em>¿Cómo afrontamos y gestionamos las fiestas cuando estamos en duelo? </em></p>
<p><em>Claves para un autocuidado sintónico</em></p>
<p><em>Caja de herramientas de autoregulación.</em></p>
<h3>CALENDARIO Y HORARIO</h3>
<p>Viernes 15 de diciembre de 17h a 19.30h</p>
<h3>FACILITA</h3>
<p><strong>Emma Navó. </strong>Terapeuta especializada en duelo, trauma y vinculación. Trabaja al servicio del acompañamiento a los procesos de duelo con una perspectiva humanística, integrativa y comunitaria.</p>
<h3>APORTACIÓN</h3>
<p>15€</p>
<h3>INSCRIPCIONES</h3>
<p><a href="https://avesgams.org/contacto/">Reserva tu plaza</a></p>

<p>Una charla participativa para identificar los retos que llegan con las fiestas durante un proceso de luto, compartir los miedos y revisar las diferentes maneras de vivir estos días, y también repasar estrategias que pueden ser de utilidad en estos momentos difíciles. Con una metodología participativa, reflexiva y dinámica TEMAS QUE TRATAREMOS La Navidad «desde [&hellip;]</p>
