{"id":9235,"date":"2023-11-14T10:59:26","date_gmt":"2023-11-14T10:59:26","guid":{"rendered":"https:\/\/avesgams.org\/events\/curso-acompanamiento-a-la-persona-enferma-y-a-sus-familiares-en-el-contexto-hospitalario\/"},"modified":"2024-01-16T09:43:36","modified_gmt":"2024-01-16T09:43:36","slug":"curso-acompanamiento-a-la-persona-enferma-y-a-sus-familiares-en-el-contexto-hospitalario","status":"publish","type":"mec-events","link":"https:\/\/avesgams.org\/es\/events\/curso-acompanamiento-a-la-persona-enferma-y-a-sus-familiares-en-el-contexto-hospitalario\/","title":{"rendered":"CURSO: ACOMPA\u00d1AMIENTO A LA PERSONA ENFERMA Y A SUS FAMILIARES EN EL CONTEXTO HOSPITALARIO"},"content":{"rendered":"<div><strong>Te invitamos a participar en un taller te\u00f3rico pr\u00e1ctico, con ejercicios individuales y en grupo, abierto a cualquier persona.<\/strong><br \/>\n<strong>Est\u00e1 pensado tanto para personas que desean adquirir herramientas de acompa\u00f1amiento a personas enfermas ya sus familiares en contexto hospitalario, como para personas que est\u00e1n interesadas en un proceso de autoconocimiento.<\/strong><\/div>\n<div>* <em>Este es tambi\u00e9n un m\u00f3dulo formativo obligatorio, incluido en la formaci\u00f3n de acompa\u00f1amiento en el duelo y las perdidas.<\/em><\/div>\n<div><\/div>\n<div>\n<h3>FACILITADORA<\/h3>\n<div>\n<p><strong>Dra. Cristina Abadia. <\/strong>N. Col. 35100.<\/p>\n<p>M\u00e9dico especialista en medicina del trabajo Medicina integrativa. Posgrado en acompa\u00f1amiento psicosocial y espiritual en enfermedad avanzada. Posgrado en acupuntura aplicada al dolor. Posgrado en mediaci\u00f3n de conflictos.<\/p>\n<\/div>\n<\/div>\n<h3>CONTENIDOS<\/h3>\n<div>&#8211; Introducci\u00f3n: acompa\u00f1amiento hospitalario<br \/>\n&#8211; Revisi\u00f3n de motivaciones: el origen de la vocaci\u00f3n<br \/>\n&#8211; Indagaci\u00f3n emocional<br \/>\n&#8211; Creencias sobre el final de la vida<br \/>\n&#8211; Necesidades del paciente en situaci\u00f3n de final de vida<br \/>\n&#8211; Nociones de acompa\u00f1amiento espiritual<br \/>\n&#8211; Riesgos psicosociales en el acompa\u00f1amiento. Impacto emocional<br \/>\n&#8211; Herramientas de acompa\u00f1amiento<\/div>\n<h3>CALENDARIO Y HORARIO<\/h3>\n<div>\n<p><b><span data-contrast=\"none\">21 y 22 de octubre. <\/span><\/b><span data-ccp-props=\"{\"134233117\":false,\"134233118\":false,\"201341983\":0,\"335551550\":1,\"335551620\":1,\"335559738\":0,\"335559739\":0,\"335559740\":259}\"> <\/span><\/p>\n<p><span data-contrast=\"none\">S\u00e1bado de 10h a 14h y de 15.30 a 19.30h <\/span><br \/>\n<span data-contrast=\"none\">Domingo de 10h a 14h <\/span><span data-ccp-props=\"{\"134233117\":false,\"134233118\":false,\"201341983\":0,\"335551550\":1,\"335551620\":1,\"335559738\":0,\"335559739\":0,\"335559740\":259}\"> <\/span><\/p>\n<\/div>\n<h3>APORTACI\u00d3N<\/h3>\n<div><strong>80\u20ac <\/strong><\/div>\n<div>* <em>Este es un m\u00f3dulo formativo incluido en la formaci\u00f3n de acompa\u00f1amiento en el duelo y las perdidas.<\/em><\/div>\n<div><\/div>\n<h3>INSCRIPCIONES<\/h3>\n<div><a href=\"https:\/\/avesgams.org\/contacto\/\">Reserva tu plaza <\/a><\/div>\n<div><\/div>\n<div><\/div>\n","protected":false},"excerpt":{"rendered":"<p>Te invitamos a participar en un taller te\u00f3rico pr\u00e1ctico, con ejercicios individuales y en grupo, abierto a cualquier persona. Est\u00e1 pensado tanto para personas que desean adquirir herramientas de acompa\u00f1amiento a personas enfermas ya sus familiares en contexto hospitalario, como para personas que est\u00e1n interesadas en un proceso de autoconocimiento. * Este es tambi\u00e9n un [&hellip;]<\/p>\n","protected":false},"author":1,"featured_media":9210,"comment_status":"open","ping_status":"closed","template":"","tags":[],"mec_category":[128,129],"class_list":["post-9235","mec-events","type-mec-events","status-publish","has-post-thumbnail","hentry","mec_category-actividades","mec_category-cursos-es"],"_links":{"self":[{"href":"https:\/\/avesgams.org\/es\/wp-json\/wp\/v2\/mec-events\/9235","targetHints":{"allow":["GET"]}}],"collection":[{"href":"https:\/\/avesgams.org\/es\/wp-json\/wp\/v2\/mec-events"}],"about":[{"href":"https:\/\/avesgams.org\/es\/wp-json\/wp\/v2\/types\/mec-events"}],"author":[{"embeddable":true,"href":"https:\/\/avesgams.org\/es\/wp-json\/wp\/v2\/users\/1"}],"replies":[{"embeddable":true,"href":"https:\/\/avesgams.org\/es\/wp-json\/wp\/v2\/comments?post=9235"}],"wp:featuredmedia":[{"embeddable":true,"href":"https:\/\/avesgams.org\/es\/wp-json\/wp\/v2\/media\/9210"}],"wp:attachment":[{"href":"https:\/\/avesgams.org\/es\/wp-json\/wp\/v2\/media?parent=9235"}],"wp:term":[{"taxonomy":"post_tag","embeddable":true,"href":"https:\/\/avesgams.org\/es\/wp-json\/wp\/v2\/tags?post=9235"},{"taxonomy":"mec_category","embeddable":true,"href":"https:\/\/avesgams.org\/es\/wp-json\/wp\/v2\/mec_category?post=9235"}],"curies":[{"name":"wp","href":"https:\/\/api.w.org\/{rel}","templated":true}]}}

CURSO: ACOMPAÑAMIENTO A LA PERSONA ENFERMA Y A SUS FAMILIARES EN EL CONTEXTO HOSPITALARIO

<div><strong>Te invitamos a participar en un taller teórico práctico, con ejercicios individuales y en grupo, abierto a cualquier persona.</strong><br />
<strong>Está pensado tanto para personas que desean adquirir herramientas de acompañamiento a personas enfermas ya sus familiares en contexto hospitalario, como para personas que están interesadas en un proceso de autoconocimiento.</strong></div>
<div>* <em>Este es también un módulo formativo obligatorio, incluido en la formación de acompañamiento en el duelo y las perdidas.</em></div>
<div></div>
<div>
<h3>FACILITADORA</h3>
<div>
<p><strong>Dra. Cristina Abadia. </strong>N. Col. 35100.</p>
<p>Médico especialista en medicina del trabajo Medicina integrativa. Posgrado en acompañamiento psicosocial y espiritual en enfermedad avanzada. Posgrado en acupuntura aplicada al dolor. Posgrado en mediación de conflictos.</p>
</div>
</div>
<h3>CONTENIDOS</h3>
<div>&#8211; Introducción: acompañamiento hospitalario<br />
&#8211; Revisión de motivaciones: el origen de la vocación<br />
&#8211; Indagación emocional<br />
&#8211; Creencias sobre el final de la vida<br />
&#8211; Necesidades del paciente en situación de final de vida<br />
&#8211; Nociones de acompañamiento espiritual<br />
&#8211; Riesgos psicosociales en el acompañamiento. Impacto emocional<br />
&#8211; Herramientas de acompañamiento</div>
<h3>CALENDARIO Y HORARIO</h3>
<div>
<p><b><span data-contrast="none">21 y 22 de octubre. </span></b><span data-ccp-props="{"134233117":false,"134233118":false,"201341983":0,"335551550":1,"335551620":1,"335559738":0,"335559739":0,"335559740":259}"> </span></p>
<p><span data-contrast="none">Sábado de 10h a 14h y de 15.30 a 19.30h </span><br />
<span data-contrast="none">Domingo de 10h a 14h </span><span data-ccp-props="{"134233117":false,"134233118":false,"201341983":0,"335551550":1,"335551620":1,"335559738":0,"335559739":0,"335559740":259}"> </span></p>
</div>
<h3>APORTACIÓN</h3>
<div><strong>80€ </strong></div>
<div>* <em>Este es un módulo formativo incluido en la formación de acompañamiento en el duelo y las perdidas.</em></div>
<div></div>
<h3>INSCRIPCIONES</h3>
<div><a href="https://avesgams.org/contacto/">Reserva tu plaza </a></div>
<div></div>
<div></div>

<p>Te invitamos a participar en un taller teórico práctico, con ejercicios individuales y en grupo, abierto a cualquier persona. Está pensado tanto para personas que desean adquirir herramientas de acompañamiento a personas enfermas ya sus familiares en contexto hospitalario, como para personas que están interesadas en un proceso de autoconocimiento. * Este es también un [&hellip;]</p>
