{"id":9234,"date":"2023-11-14T10:50:59","date_gmt":"2023-11-14T10:50:59","guid":{"rendered":"https:\/\/avesgams.org\/events\/charla-los-mitos-del-duelo\/"},"modified":"2024-01-10T11:19:47","modified_gmt":"2024-01-10T11:19:47","slug":"charla-los-mitos-del-duelo","status":"publish","type":"mec-events","link":"https:\/\/avesgams.org\/es\/events\/charla-los-mitos-del-duelo\/","title":{"rendered":"CHARLA: LOS MITOS DEL DUELO"},"content":{"rendered":"<p><strong>Una charla participativa para identificar, revisar y desmontar los mitos que giran alrededor del duelo, a fin de encontrar formas m\u00e1s ajustadas al proceso de duelo que permitan transitar la experiencia sin el sufrimiento a\u00f1adido derivado de las creencias.<\/strong><\/p>\n<p><strong>Con una metodolog\u00eda participativa, reflexiva y din\u00e1mica<\/strong><\/p>\n<h3>TEMAS QUE TRATAREMOS<\/h3>\n<p>\u00bfQu\u00e9 son las creencias y los mitos?<\/p>\n<p>\u00bfQu\u00e9 impacto tienen los mitos en el proceso de duelo?<\/p>\n<p>\u00bfC\u00f3mo identificarlos?<\/p>\n<p>Revisi\u00f3n de algunos de los mitos de duelo<\/p>\n<p>Del mito a la experiencia.<\/p>\n<h3>CALENDARIO Y HORARIO<\/h3>\n<p>Viernes 20 de octubre de 17 h a 19:30 h<\/p>\n<h3>FACILITA<\/h3>\n<p><strong>Emma Nav\u00f3. <\/strong>Terapeuta especializada en duelo, trauma y vinculaci\u00f3n. Trabaja al servicio del acompa\u00f1amiento a los procesos de duelo con una perspectiva human\u00edstica, integrativa y comunitaria.<\/p>\n<h3>APORTACI\u00d3N<\/h3>\n<p>15\u20ac<\/p>\n<h3>INSCRIPCIONES<\/h3>\n<p><a href=\"https:\/\/avesgams.org\/contacto\/\">Reserva tu plaza<\/a><\/p>\n","protected":false},"excerpt":{"rendered":"<p>Una charla participativa para identificar, revisar y desmontar los mitos que giran alrededor del duelo, a fin de encontrar formas m\u00e1s ajustadas al proceso de duelo que permitan transitar la experiencia sin el sufrimiento a\u00f1adido derivado de las creencias. Con una metodolog\u00eda participativa, reflexiva y din\u00e1mica TEMAS QUE TRATAREMOS \u00bfQu\u00e9 son las creencias y los [&hellip;]<\/p>\n","protected":false},"author":1,"featured_media":9213,"comment_status":"open","ping_status":"closed","template":"","tags":[],"mec_category":[123],"class_list":["post-9234","mec-events","type-mec-events","status-publish","has-post-thumbnail","hentry","mec_category-charlas"],"_links":{"self":[{"href":"https:\/\/avesgams.org\/es\/wp-json\/wp\/v2\/mec-events\/9234","targetHints":{"allow":["GET"]}}],"collection":[{"href":"https:\/\/avesgams.org\/es\/wp-json\/wp\/v2\/mec-events"}],"about":[{"href":"https:\/\/avesgams.org\/es\/wp-json\/wp\/v2\/types\/mec-events"}],"author":[{"embeddable":true,"href":"https:\/\/avesgams.org\/es\/wp-json\/wp\/v2\/users\/1"}],"replies":[{"embeddable":true,"href":"https:\/\/avesgams.org\/es\/wp-json\/wp\/v2\/comments?post=9234"}],"wp:featuredmedia":[{"embeddable":true,"href":"https:\/\/avesgams.org\/es\/wp-json\/wp\/v2\/media\/9213"}],"wp:attachment":[{"href":"https:\/\/avesgams.org\/es\/wp-json\/wp\/v2\/media?parent=9234"}],"wp:term":[{"taxonomy":"post_tag","embeddable":true,"href":"https:\/\/avesgams.org\/es\/wp-json\/wp\/v2\/tags?post=9234"},{"taxonomy":"mec_category","embeddable":true,"href":"https:\/\/avesgams.org\/es\/wp-json\/wp\/v2\/mec_category?post=9234"}],"curies":[{"name":"wp","href":"https:\/\/api.w.org\/{rel}","templated":true}]}}

<p><strong>Una charla participativa para identificar, revisar y desmontar los mitos que giran alrededor del duelo, a fin de encontrar formas más ajustadas al proceso de duelo que permitan transitar la experiencia sin el sufrimiento añadido derivado de las creencias.</strong></p>
<p><strong>Con una metodología participativa, reflexiva y dinámica</strong></p>
<h3>TEMAS QUE TRATAREMOS</h3>
<p>¿Qué son las creencias y los mitos?</p>
<p>¿Qué impacto tienen los mitos en el proceso de duelo?</p>
<p>¿Cómo identificarlos?</p>
<p>Revisión de algunos de los mitos de duelo</p>
<p>Del mito a la experiencia.</p>
<h3>CALENDARIO Y HORARIO</h3>
<p>Viernes 20 de octubre de 17 h a 19:30 h</p>
<h3>FACILITA</h3>
<p><strong>Emma Navó. </strong>Terapeuta especializada en duelo, trauma y vinculación. Trabaja al servicio del acompañamiento a los procesos de duelo con una perspectiva humanística, integrativa y comunitaria.</p>
<h3>APORTACIÓN</h3>
<p>15€</p>
<h3>INSCRIPCIONES</h3>
<p><a href="https://avesgams.org/contacto/">Reserva tu plaza</a></p>

<p>Una charla participativa para identificar, revisar y desmontar los mitos que giran alrededor del duelo, a fin de encontrar formas más ajustadas al proceso de duelo que permitan transitar la experiencia sin el sufrimiento añadido derivado de las creencias. Con una metodología participativa, reflexiva y dinámica TEMAS QUE TRATAREMOS ¿Qué son las creencias y los [&hellip;]</p>
