{"id":9230,"date":"2023-11-14T10:38:27","date_gmt":"2023-11-14T10:38:27","guid":{"rendered":"https:\/\/avesgams.org\/events\/inicio-nivel-3-de-la-formacion-aves\/"},"modified":"2024-01-10T10:20:35","modified_gmt":"2024-01-10T10:20:35","slug":"inicio-nivel-3-de-la-formacion-aves","status":"publish","type":"mec-events","link":"https:\/\/avesgams.org\/es\/events\/inicio-nivel-3-de-la-formacion-aves\/","title":{"rendered":"INICIO NIVEL 3 DE LA FORMACI\u00d3N AVES"},"content":{"rendered":"<p>La propuesta del <a href=\"https:\/\/avesgams.org\/formacio-activitats\/formacio-acompanyament-dol\/\">nivel 3 de la formaci\u00f3n AVES de acompa\u00f1amiento en el duelo y las p\u00e9rdidas<\/a> es facilitar un proceso formativo experiencial que nos permite desarrollar las habilidades y conocimientos y ponerlos en <strong>pr\u00e1ctica en los Grupos de Ayuda Mutua de la asociaci\u00f3n<\/strong>, aportado nuestra presencia en beneficio y al servicio de las personas que est\u00e1n viviendo un proceso de duelo y perdida.<\/p>\n<p>Valoramos esta formaci\u00f3n como paso previo imprescindible para poder facilitar grupos de duelo y, si se desea, formar parte del equipo del voluntariado AVES.<\/p>\n<p>Este proceso formativo se estructura sobre la base de la participaci\u00f3n en dos espacios paralelos y complementarios:<\/p>\n<p>&#8211; Espacio de supervisi\u00f3n y formaci\u00f3n grupal<\/p>\n<p>&#8211; Pr\u00e1cticas en el Grupo de Ayuda Mutua (GAM) y soporte en el duelo.<\/p>\n<h4>DIRIGIDO A:<\/h4>\n<p>Profesionales con experiencia.<\/p>\n<p>Alumnos que hayan cursado los niveles 1 y 2 de la formaci\u00f3n.<\/p>\n<h4>CALENDARIO<\/h4>\n<p>De octubre 2023 a febrero 2024<\/p>\n<p><strong> <\/strong><\/p>\n<p>&nbsp;<\/p>\n","protected":false},"excerpt":{"rendered":"<p>La propuesta del nivel 3 de la formaci\u00f3n AVES de acompa\u00f1amiento en el duelo y las p\u00e9rdidas es facilitar un proceso formativo experiencial que nos permite desarrollar las habilidades y conocimientos y ponerlos en pr\u00e1ctica en los Grupos de Ayuda Mutua de la asociaci\u00f3n, aportado nuestra presencia en beneficio y al servicio de las personas [&hellip;]<\/p>\n","protected":false},"author":1,"featured_media":9225,"comment_status":"open","ping_status":"closed","template":"","tags":[],"mec_category":[129],"class_list":["post-9230","mec-events","type-mec-events","status-publish","has-post-thumbnail","hentry","mec_category-cursos-es"],"_links":{"self":[{"href":"https:\/\/avesgams.org\/es\/wp-json\/wp\/v2\/mec-events\/9230","targetHints":{"allow":["GET"]}}],"collection":[{"href":"https:\/\/avesgams.org\/es\/wp-json\/wp\/v2\/mec-events"}],"about":[{"href":"https:\/\/avesgams.org\/es\/wp-json\/wp\/v2\/types\/mec-events"}],"author":[{"embeddable":true,"href":"https:\/\/avesgams.org\/es\/wp-json\/wp\/v2\/users\/1"}],"replies":[{"embeddable":true,"href":"https:\/\/avesgams.org\/es\/wp-json\/wp\/v2\/comments?post=9230"}],"wp:featuredmedia":[{"embeddable":true,"href":"https:\/\/avesgams.org\/es\/wp-json\/wp\/v2\/media\/9225"}],"wp:attachment":[{"href":"https:\/\/avesgams.org\/es\/wp-json\/wp\/v2\/media?parent=9230"}],"wp:term":[{"taxonomy":"post_tag","embeddable":true,"href":"https:\/\/avesgams.org\/es\/wp-json\/wp\/v2\/tags?post=9230"},{"taxonomy":"mec_category","embeddable":true,"href":"https:\/\/avesgams.org\/es\/wp-json\/wp\/v2\/mec_category?post=9230"}],"curies":[{"name":"wp","href":"https:\/\/api.w.org\/{rel}","templated":true}]}}

INICIO NIVEL 3 DE LA FORMACIÓN AVES

<p>La propuesta del <a href="https://avesgams.org/formacio-activitats/formacio-acompanyament-dol/">nivel 3 de la formación AVES de acompañamiento en el duelo y las pérdidas</a> es facilitar un proceso formativo experiencial que nos permite desarrollar las habilidades y conocimientos y ponerlos en <strong>práctica en los Grupos de Ayuda Mutua de la asociación</strong>, aportado nuestra presencia en beneficio y al servicio de las personas que están viviendo un proceso de duelo y perdida.</p>
<p>Valoramos esta formación como paso previo imprescindible para poder facilitar grupos de duelo y, si se desea, formar parte del equipo del voluntariado AVES.</p>
<p>Este proceso formativo se estructura sobre la base de la participación en dos espacios paralelos y complementarios:</p>
<p>&#8211; Espacio de supervisión y formación grupal</p>
<p>&#8211; Prácticas en el Grupo de Ayuda Mutua (GAM) y soporte en el duelo.</p>
<h4>DIRIGIDO A:</h4>
<p>Profesionales con experiencia.</p>
<p>Alumnos que hayan cursado los niveles 1 y 2 de la formación.</p>
<h4>CALENDARIO</h4>
<p>De octubre 2023 a febrero 2024</p>
<p><strong> </strong></p>
<p>&nbsp;</p>

<p>La propuesta del nivel 3 de la formación AVES de acompañamiento en el duelo y las pérdidas es facilitar un proceso formativo experiencial que nos permite desarrollar las habilidades y conocimientos y ponerlos en práctica en los Grupos de Ayuda Mutua de la asociación, aportado nuestra presencia en beneficio y al servicio de las personas [&hellip;]</p>
