{"id":5124,"date":"2023-01-16T08:33:31","date_gmt":"2023-01-16T08:33:31","guid":{"rendered":"https:\/\/avesgams.org\/events\/grupo-de-consciencia\/"},"modified":"2024-12-23T10:44:57","modified_gmt":"2024-12-23T10:44:57","slug":"grupo-de-consciencia","status":"publish","type":"mec-events","link":"https:\/\/avesgams.org\/es\/events\/grupo-de-consciencia\/","title":{"rendered":"GRUPO DE CONSCIENCIA"},"content":{"rendered":"<h2>\u00bfA QUI\u00c9N VA DIRIGIDO?<\/h2>\n<p><strong>Grupo de autoconocimiento<\/strong> para aquellas personas interesadas en <strong>profundizar en su crecimiento<\/strong> <em>personal, transpersonal y espiritual.<\/em> Desde una mirada amorosa, nos ayudaremos a <strong>tomar conciencia de qui\u00e9n somos<\/strong> y a <strong>re-conocer<\/strong> para qu\u00e9 somos c\u00f3mo somos. Un grupo para compartir y aprender de la mirada y de la experiencia de las otras personas.<\/p>\n<h2>HORARIO:<\/h2>\n<p><strong>Jueves quincenal de 18h a 20h<\/strong><br \/>\n<em>De octubre a junio <\/em><\/p>\n<p><a href=\"https:\/\/avesgams.org\/es\/#calendari\">Consulta las pr\u00f3ximas sesiones en el calendario<\/a><\/p>\n<h2>APORTACI\u00d3N<\/h2>\n<p><a href=\"https:\/\/avesgams.org\/col-labora\/\">40\u20ac mensuales <\/a><\/p>\n<h2>INSCRIPCIONES:<\/h2>\n<p><a href=\"https:\/\/avesgams.org\/contacto\/\">Contacta con nosotr@s<\/a><\/p>\n","protected":false},"excerpt":{"rendered":"<p>\u00bfA QUI\u00c9N VA DIRIGIDO? Grupo de autoconocimiento para aquellas personas interesadas en profundizar en su crecimiento personal, transpersonal y espiritual. Desde una mirada amorosa, nos ayudaremos a tomar conciencia de qui\u00e9n somos y a re-conocer para qu\u00e9 somos c\u00f3mo somos. Un grupo para compartir y aprender de la mirada y de la experiencia de las [&hellip;]<\/p>\n","protected":false},"author":2,"featured_media":7692,"comment_status":"open","ping_status":"closed","template":"","tags":[],"mec_category":[157,119],"class_list":["post-5124","mec-events","type-mec-events","status-publish","has-post-thumbnail","hentry","mec_category-consciencia-es","mec_category-gams-es"],"_links":{"self":[{"href":"https:\/\/avesgams.org\/es\/wp-json\/wp\/v2\/mec-events\/5124","targetHints":{"allow":["GET"]}}],"collection":[{"href":"https:\/\/avesgams.org\/es\/wp-json\/wp\/v2\/mec-events"}],"about":[{"href":"https:\/\/avesgams.org\/es\/wp-json\/wp\/v2\/types\/mec-events"}],"author":[{"embeddable":true,"href":"https:\/\/avesgams.org\/es\/wp-json\/wp\/v2\/users\/2"}],"replies":[{"embeddable":true,"href":"https:\/\/avesgams.org\/es\/wp-json\/wp\/v2\/comments?post=5124"}],"wp:featuredmedia":[{"embeddable":true,"href":"https:\/\/avesgams.org\/es\/wp-json\/wp\/v2\/media\/7692"}],"wp:attachment":[{"href":"https:\/\/avesgams.org\/es\/wp-json\/wp\/v2\/media?parent=5124"}],"wp:term":[{"taxonomy":"post_tag","embeddable":true,"href":"https:\/\/avesgams.org\/es\/wp-json\/wp\/v2\/tags?post=5124"},{"taxonomy":"mec_category","embeddable":true,"href":"https:\/\/avesgams.org\/es\/wp-json\/wp\/v2\/mec_category?post=5124"}],"curies":[{"name":"wp","href":"https:\/\/api.w.org\/{rel}","templated":true}]}}

<h2>¿A QUIÉN VA DIRIGIDO?</h2>
<p><strong>Grupo de autoconocimiento</strong> para aquellas personas interesadas en <strong>profundizar en su crecimiento</strong> <em>personal, transpersonal y espiritual.</em> Desde una mirada amorosa, nos ayudaremos a <strong>tomar conciencia de quién somos</strong> y a <strong>re-conocer</strong> para qué somos cómo somos. Un grupo para compartir y aprender de la mirada y de la experiencia de las otras personas.</p>
<h2>HORARIO:</h2>
<p><strong>Jueves quincenal de 18h a 20h</strong><br />
<em>De octubre a junio </em></p>
<p><a href="https://avesgams.org/es/#calendari">Consulta las próximas sesiones en el calendario</a></p>
<h2>APORTACIÓN</h2>
<p><a href="https://avesgams.org/col-labora/">40€ mensuales </a></p>
<h2>INSCRIPCIONES:</h2>
<p><a href="https://avesgams.org/contacto/">Contacta con nosotr@s</a></p>

<p>¿A QUIÉN VA DIRIGIDO? Grupo de autoconocimiento para aquellas personas interesadas en profundizar en su crecimiento personal, transpersonal y espiritual. Desde una mirada amorosa, nos ayudaremos a tomar conciencia de quién somos y a re-conocer para qué somos cómo somos. Un grupo para compartir y aprender de la mirada y de la experiencia de las [&hellip;]</p>
