{"id":4769,"date":"2022-12-22T18:07:03","date_gmt":"2022-12-22T18:07:03","guid":{"rendered":"https:\/\/avesgams.org\/events\/taller-de-gestion-del-estres-i-evolucion-personal\/"},"modified":"2024-01-16T09:44:35","modified_gmt":"2024-01-16T09:44:35","slug":"taller-de-gestion-del-estres-i-evolucion-personal","status":"publish","type":"mec-events","link":"https:\/\/avesgams.org\/es\/events\/taller-de-gestion-del-estres-i-evolucion-personal\/","title":{"rendered":"TALLER DE GESTI\u00d3N DEL ESTR\u00c9S Y EVOLUCI\u00d3N PERSONAL"},"content":{"rendered":"<h2>QUAL ES EL CONTENIDO DEL PROGRAMA:<\/h2>\n<p><span style=\"color: #ff6600;\">1. Conocimiento interior:<\/span><br \/>\nSer, alma y cuerpo.<br \/>\nEl mam\u00edfero humano.<br \/>\nComo es adentro es afuera.<br \/>\nEl estr\u00e9s (mapa corporis)<br \/>\nGesti\u00f3n del duelo y p\u00e9rdidas.<br \/>\n<span style=\"color: #ff6600;\">2. El poder creador del ser humano.<\/span><br \/>\nLas herramientas del ser humano.<br \/>\nLa mente y los pensamientos.<br \/>\n<span style=\"color: #ff6600;\">3. El arquitecto interior.<\/span><br \/>\nEl nuevo programa<br \/>\n<span style=\"color: #ff6600;\">4.Pr\u00e1ctica final.<\/span><\/p>\n<h2>FECHAS y HORARIO:<\/h2>\n<p><b>S\u00e1bado 28 de enero<br \/>\n<\/b><em>De 10 a 19:30h<\/em><\/p>\n<h2>APORTACI\u00d3N:<\/h2>\n<p><strong>\u2192 <\/strong><strong>70\u20ac<\/strong> usuarios y usuarias <strong>de <span class=\"hiddenSpellError\">AVES<\/span><\/strong><\/p>\n<p><strong>\u2192 120\u20ac <\/strong>personas no usuarias <strong>de AVES<\/strong><\/p>\n<h2>TE GUSTARIA PARTICIPAR?<\/h2>\n<p>Contacta con nosotras a trav\u00e9s de la p\u00e1gina web:<br \/>\n<a href=\"https:\/\/avesgams.org\/contacto\/\">https:\/\/avesgams.org\/contacto\/<\/a> o del tel\u00e9fono <strong>627 533 824.<\/strong><\/p>\n","protected":false},"excerpt":{"rendered":"<p>QUAL ES EL CONTENIDO DEL PROGRAMA: 1. Conocimiento interior: Ser, alma y cuerpo. El mam\u00edfero humano. Como es adentro es afuera. El estr\u00e9s (mapa corporis) Gesti\u00f3n del duelo y p\u00e9rdidas. 2. El poder creador del ser humano. Las herramientas del ser humano. La mente y los pensamientos. 3. El arquitecto interior. El nuevo programa 4.Pr\u00e1ctica [&hellip;]<\/p>\n","protected":false},"author":2,"featured_media":4759,"comment_status":"open","ping_status":"closed","template":"","tags":[],"mec_category":[128,142],"class_list":["post-4769","mec-events","type-mec-events","status-publish","has-post-thumbnail","hentry","mec_category-actividades","mec_category-talleres"],"_links":{"self":[{"href":"https:\/\/avesgams.org\/es\/wp-json\/wp\/v2\/mec-events\/4769","targetHints":{"allow":["GET"]}}],"collection":[{"href":"https:\/\/avesgams.org\/es\/wp-json\/wp\/v2\/mec-events"}],"about":[{"href":"https:\/\/avesgams.org\/es\/wp-json\/wp\/v2\/types\/mec-events"}],"author":[{"embeddable":true,"href":"https:\/\/avesgams.org\/es\/wp-json\/wp\/v2\/users\/2"}],"replies":[{"embeddable":true,"href":"https:\/\/avesgams.org\/es\/wp-json\/wp\/v2\/comments?post=4769"}],"wp:featuredmedia":[{"embeddable":true,"href":"https:\/\/avesgams.org\/es\/wp-json\/wp\/v2\/media\/4759"}],"wp:attachment":[{"href":"https:\/\/avesgams.org\/es\/wp-json\/wp\/v2\/media?parent=4769"}],"wp:term":[{"taxonomy":"post_tag","embeddable":true,"href":"https:\/\/avesgams.org\/es\/wp-json\/wp\/v2\/tags?post=4769"},{"taxonomy":"mec_category","embeddable":true,"href":"https:\/\/avesgams.org\/es\/wp-json\/wp\/v2\/mec_category?post=4769"}],"curies":[{"name":"wp","href":"https:\/\/api.w.org\/{rel}","templated":true}]}}

TALLER DE GESTIÓN DEL ESTRÉS Y EVOLUCIÓN PERSONAL

<h2>QUAL ES EL CONTENIDO DEL PROGRAMA:</h2>
<p><span style="color: #ff6600;">1. Conocimiento interior:</span><br />
Ser, alma y cuerpo.<br />
El mamífero humano.<br />
Como es adentro es afuera.<br />
El estrés (mapa corporis)<br />
Gestión del duelo y pérdidas.<br />
<span style="color: #ff6600;">2. El poder creador del ser humano.</span><br />
Las herramientas del ser humano.<br />
La mente y los pensamientos.<br />
<span style="color: #ff6600;">3. El arquitecto interior.</span><br />
El nuevo programa<br />
<span style="color: #ff6600;">4.Práctica final.</span></p>
<h2>FECHAS y HORARIO:</h2>
<p><b>Sábado 28 de enero<br />
</b><em>De 10 a 19:30h</em></p>
<h2>APORTACIÓN:</h2>
<p><strong>→ </strong><strong>70€</strong> usuarios y usuarias <strong>de <span class="hiddenSpellError">AVES</span></strong></p>
<p><strong>→ 120€ </strong>personas no usuarias <strong>de AVES</strong></p>
<h2>TE GUSTARIA PARTICIPAR?</h2>
<p>Contacta con nosotras a través de la página web:<br />
<a href="https://avesgams.org/contacto/">https://avesgams.org/contacto/</a> o del teléfono <strong>627 533 824.</strong></p>

<p>QUAL ES EL CONTENIDO DEL PROGRAMA: 1. Conocimiento interior: Ser, alma y cuerpo. El mamífero humano. Como es adentro es afuera. El estrés (mapa corporis) Gestión del duelo y pérdidas. 2. El poder creador del ser humano. Las herramientas del ser humano. La mente y los pensamientos. 3. El arquitecto interior. El nuevo programa 4.Práctica [&hellip;]</p>
