{"id":4642,"date":"2022-12-16T14:13:44","date_gmt":"2022-12-16T14:13:44","guid":{"rendered":"https:\/\/avesgams.org\/events\/taller-de-musicoterapia-en-el-duelo\/"},"modified":"2024-07-09T11:21:58","modified_gmt":"2024-07-09T11:21:58","slug":"taller-de-musicoterapia-en-el-duelo","status":"publish","type":"mec-events","link":"https:\/\/avesgams.org\/es\/events\/taller-de-musicoterapia-en-el-duelo\/","title":{"rendered":"MUSICOTERAPIA EN EL DUELO"},"content":{"rendered":"<h2><span style=\"color: #33cccc\">CU\u00c1L ES LA PROPUESTA?<\/span><\/h2>\n<p><span data-ogsb=\"white\">Con la colaboraci\u00f3n de <strong>l&#8217;Escola Superior de M\u00fasica de Catalunya<\/strong> (ESMUC) abrimos un <strong>espacio trimestral<\/strong> <em>de acompa\u00f1amiento musicoterap\u00e9utico<\/em> en el duelo.<\/span><\/p>\n<p><span data-ogsb=\"white\">Se trata de un <strong>espacio semanal<\/strong> <em>de acogida y de escucha.<\/em><\/span><span data-ogsb=\"white\">Mediante el <strong>canal de expresi\u00f3n no verbal<\/strong> que es <strong>la m\u00fasica<\/strong>, acompa\u00f1aremos a <strong>explorar, expresar y canalizar nuestros<\/strong> <strong>sentimientos, respuestas f\u00edsicas y emociones.<\/strong><\/span><\/p>\n<h2><span style=\"color: #33cccc\">BENEFICIOS<\/span><\/h2>\n<p>La <strong>m\u00fasica es universal<\/strong>, no est\u00e1 limitada por el lenguaje, esto la hace una <strong>herramienta poderosa<\/strong> que disfruta de propiedades \u00fanicas para <strong>conmovernos<\/strong> tanto emotivamente como <strong>f\u00edsicamente<\/strong>, de <strong> filtrarse<\/strong> por el m\u00e1s \u00edntimo de nuestra raz\u00f3n, de <strong>sorprender<\/strong> nuestro cerebro y <strong>abrir <\/strong> las puertas hacia la maquinaria que <strong>rige nuestros sentimientos y emociones<\/strong>. Su uso como <strong>recurso terap\u00e9utico<\/strong> tiene una larga trayectoria y en estas \u00faltimas d\u00e9cadas se ha incrementado el uso gracias a los diferentes estudios cient\u00edficos e investigaciones que avalan los <strong>efectos y beneficios de la m\u00fasica<\/strong> en diferentes campos de la <strong>salud f\u00edsica y emocional.<\/strong><\/p>\n<h2><span style=\"color: #33cccc\">A QUIEN VA DIRIGIDA?<\/span><\/h2>\n<div>Si has <strong>perdido a un ser querido<\/strong> y <strong>crees o sientes<\/strong> que la m\u00fasica es un <em>lenguaje que te podr\u00eda ayudar<\/em> a <em>expresar y a elaborar<\/em> tu duelo.<\/div>\n<p><em>No es necesario tener conocimientos musicales previos.<\/em><\/p>\n<h2><span style=\"color: #33cccc\">HORARIO:<\/span><\/h2>\n<p><b>Mi\u00e9rcoles semanal <em>(horario de ma\u00f1anas)<\/em><br \/>\n<\/b><\/p>\n<h2><span style=\"color: #33cccc\">APORTACI\u00d3N:<\/span><\/h2>\n<p><span style=\"color: #808080\"><strong>\u2192<\/strong><\/span> <strong>10\u20ac\/<\/strong>MENSUALES<\/p>\n<h2><span style=\"color: #33cccc\">TE GUSTARIA PARTICIPAR?<\/span><\/h2>\n<p>Contacta con nosotras a trav\u00e9s de la p\u00e1gina web:<br \/>\n<span style=\"color: #ff6600\"><a style=\"color: #ff6600\" href=\"https:\/\/avesgams.org\/contacto\/\">https:\/\/avesgams.org\/contacto\/<\/a><\/span> o del tel\u00e9fono 627 533 824<strong>.<\/strong><\/p>\n<h2><span style=\"color: #33cccc\">M\u00c1S INFORMACI\u00d3N:<\/span><\/h2>\n<a href=\"https:\/\/www.esmuc.cat\/es\/masters-i-postgraus\/master-propi-de-musicoterapia\/\" class=\"small-button smallblack\" target=\"_blank\" rel=\"noopener\">ENLACE A LA ESCUELA DE M\u00daSICA ESMUC<\/a>\n","protected":false},"excerpt":{"rendered":"<p>CU\u00c1L ES LA PROPUESTA? Con la colaboraci\u00f3n de l&#8217;Escola Superior de M\u00fasica de Catalunya (ESMUC) abrimos un espacio trimestral de acompa\u00f1amiento musicoterap\u00e9utico en el duelo. Se trata de un espacio semanal de acogida y de escucha.Mediante el canal de expresi\u00f3n no verbal que es la m\u00fasica, acompa\u00f1aremos a explorar, expresar y canalizar nuestros sentimientos, respuestas [&hellip;]<\/p>\n","protected":false},"author":2,"featured_media":4641,"comment_status":"open","ping_status":"closed","template":"","tags":[],"mec_category":[161],"class_list":["post-4642","mec-events","type-mec-events","status-publish","has-post-thumbnail","hentry","mec_category-musicoterapia-es"],"_links":{"self":[{"href":"https:\/\/avesgams.org\/es\/wp-json\/wp\/v2\/mec-events\/4642","targetHints":{"allow":["GET"]}}],"collection":[{"href":"https:\/\/avesgams.org\/es\/wp-json\/wp\/v2\/mec-events"}],"about":[{"href":"https:\/\/avesgams.org\/es\/wp-json\/wp\/v2\/types\/mec-events"}],"author":[{"embeddable":true,"href":"https:\/\/avesgams.org\/es\/wp-json\/wp\/v2\/users\/2"}],"replies":[{"embeddable":true,"href":"https:\/\/avesgams.org\/es\/wp-json\/wp\/v2\/comments?post=4642"}],"wp:featuredmedia":[{"embeddable":true,"href":"https:\/\/avesgams.org\/es\/wp-json\/wp\/v2\/media\/4641"}],"wp:attachment":[{"href":"https:\/\/avesgams.org\/es\/wp-json\/wp\/v2\/media?parent=4642"}],"wp:term":[{"taxonomy":"post_tag","embeddable":true,"href":"https:\/\/avesgams.org\/es\/wp-json\/wp\/v2\/tags?post=4642"},{"taxonomy":"mec_category","embeddable":true,"href":"https:\/\/avesgams.org\/es\/wp-json\/wp\/v2\/mec_category?post=4642"}],"curies":[{"name":"wp","href":"https:\/\/api.w.org\/{rel}","templated":true}]}}

<h2><span style="color: #33cccc">CUÁL ES LA PROPUESTA?</span></h2>
<p><span data-ogsb="white">Con la colaboración de <strong>l&#8217;Escola Superior de Música de Catalunya</strong> (ESMUC) abrimos un <strong>espacio trimestral</strong> <em>de acompañamiento musicoterapéutico</em> en el duelo.</span></p>
<p><span data-ogsb="white">Se trata de un <strong>espacio semanal</strong> <em>de acogida y de escucha.</em></span><span data-ogsb="white">Mediante el <strong>canal de expresión no verbal</strong> que es <strong>la música</strong>, acompañaremos a <strong>explorar, expresar y canalizar nuestros</strong> <strong>sentimientos, respuestas físicas y emociones.</strong></span></p>
<h2><span style="color: #33cccc">BENEFICIOS</span></h2>
<p>La <strong>música es universal</strong>, no está limitada por el lenguaje, esto la hace una <strong>herramienta poderosa</strong> que disfruta de propiedades únicas para <strong>conmovernos</strong> tanto emotivamente como <strong>físicamente</strong>, de <strong> filtrarse</strong> por el más íntimo de nuestra razón, de <strong>sorprender</strong> nuestro cerebro y <strong>abrir </strong> las puertas hacia la maquinaria que <strong>rige nuestros sentimientos y emociones</strong>. Su uso como <strong>recurso terapéutico</strong> tiene una larga trayectoria y en estas últimas décadas se ha incrementado el uso gracias a los diferentes estudios científicos e investigaciones que avalan los <strong>efectos y beneficios de la música</strong> en diferentes campos de la <strong>salud física y emocional.</strong></p>
<h2><span style="color: #33cccc">A QUIEN VA DIRIGIDA?</span></h2>
<div>Si has <strong>perdido a un ser querido</strong> y <strong>crees o sientes</strong> que la música es un <em>lenguaje que te podría ayudar</em> a <em>expresar y a elaborar</em> tu duelo.</div>
<p><em>No es necesario tener conocimientos musicales previos.</em></p>
<h2><span style="color: #33cccc">HORARIO:</span></h2>
<p><b>Miércoles semanal <em>(horario de mañanas)</em><br />
</b></p>
<h2><span style="color: #33cccc">APORTACIÓN:</span></h2>
<p><span style="color: #808080"><strong>→</strong></span> <strong>10€/</strong>MENSUALES</p>
<h2><span style="color: #33cccc">TE GUSTARIA PARTICIPAR?</span></h2>
<p>Contacta con nosotras a través de la página web:<br />
<span style="color: #ff6600"><a style="color: #ff6600" href="https://avesgams.org/contacto/">https://avesgams.org/contacto/</a></span> o del teléfono 627 533 824<strong>.</strong></p>
<h2><span style="color: #33cccc">MÁS INFORMACIÓN:</span></h2>
<a href="https://www.esmuc.cat/es/masters-i-postgraus/master-propi-de-musicoterapia/" class="small-button smallblack" target="_blank" rel="noopener">ENLACE A LA ESCUELA DE MÚSICA ESMUC</a>

<p>CUÁL ES LA PROPUESTA? Con la colaboración de l&#8217;Escola Superior de Música de Catalunya (ESMUC) abrimos un espacio trimestral de acompañamiento musicoterapéutico en el duelo. Se trata de un espacio semanal de acogida y de escucha.Mediante el canal de expresión no verbal que es la música, acompañaremos a explorar, expresar y canalizar nuestros sentimientos, respuestas [&hellip;]</p>
