{"id":1797,"date":"2022-06-02T11:58:04","date_gmt":"2022-06-02T11:58:04","guid":{"rendered":"https:\/\/avesgams.org\/events\/taller-de-elaboracion-emocional-segun-el-metodo-de-elisabeth-kubler-ross\/"},"modified":"2024-12-23T11:03:48","modified_gmt":"2024-12-23T11:03:48","slug":"taller-de-elaboracion-emocional-segun-el-metodo-de-elisabeth-kubler-ross","status":"publish","type":"mec-events","link":"https:\/\/avesgams.org\/es\/events\/taller-de-elaboracion-emocional-segun-el-metodo-de-elisabeth-kubler-ross\/","title":{"rendered":"TALLER DE ELABORACI\u00d3N EMOCIONAL SEG\u00daN EL M\u00c9TODO DE ELISABETH K\u00dcBLER-ROSS"},"content":{"rendered":"<p>Este taller se inspira en el trabajo de la Dra. E. K\u00fcbler-Ross (EUA), que en los a\u00f1os 70 dise\u00f1\u00f3 un taller residencial, llamado <em><strong>\u00abla vida, la muerte y la transici\u00f3n\u00bb.<\/strong><\/em><\/p>\n<blockquote><p><span style=\"color: #808080;\"><em>Cualquier ser humano natural y formal, enfrent\u00e1ndose a la p\u00e9rdida de cualquier tipo, pasar\u00e1 desde el choque hasta la aceptaci\u00f3n.\u00bb <\/em><\/span><\/p>\n<p><em>\u00abLas personas mas bonitas con las que me he encontrado son aquellas que han conocido la derrota, conocido el sufrimiento, conocido la lucha, conocido la p\u00e9rdida, y han encontrado su manera de salir de las profundidades. Estas personas tienen una apreciaci\u00f3n, una sensibilidad y una comprensi\u00f3n de la vida que los llena de compasi\u00f3n, humildad y una profunda inquietud amorosa. La gente bonita no surge del nada.\u00bb<\/em><\/p><\/blockquote>\n<p><em><span style=\"color: #808080;\"><strong>Dra. Elisabeth K\u00fcbler-Ross<\/strong><\/span><\/em><\/p>\n<p><strong>El terapeuta Llu\u00eds Camino hace m\u00e1s de 20 a\u00f1os que facilita este taller y crea un espacio seguro, confidencial, de respeto y de cura, donde podemos expresar y transitar nuestras emociones con el fin de poder elaborarlas y avanzar de una manera saludable en nuestro proceso de duelo.<\/strong><\/p>\n<h2>TALLER ORIENTADO A :<\/h2>\n<blockquote>\n<p style=\"text-align: left; padding-left: 40px;\">Personas que se enfrentan a p\u00e9rdidas o cambios importantes en su vida. Especialmente personas en duelo <em>(muerte de un ser querido, separaci\u00f3n, divorcio, enfermedad, aborto, p\u00e9rdida de trabajo, etc).<\/em><\/p>\n<p style=\"text-align: left; padding-left: 40px;\"> Personas que deseen realizar un trabajo de crecimiento personal.<\/p>\n<p style=\"text-align: left; padding-left: 40px;\">Personas con enfermedades cr\u00f3nicas o terminales.<\/p>\n<p style=\"text-align: left; padding-left: 40px;\">Personas con estr\u00e9s o que se sienten agotadas en su vida profesional o en su trabajo diario.<\/p>\n<p style=\"text-align: left; padding-left: 40px;\">Profesionales de la asistencia sanitaria, mental y humana o toda persona comprometida en relaciones de ayuda.<\/p>\n<p style=\"text-align: left; padding-left: 40px;\">Personas que han sufrido abusos sexuales, maltrato f\u00edsico o emocional en su infancia o posteriormente.<\/p>\n<p style=\"text-align: left; padding-left: 40px;\">Personas que ya han realizado el taller y quieren actualizar temas emocionales pendientes. Este taller se puede repetir como proceso ante las p\u00e9rdidas que van apareciendo en la vida.<\/p>\n<\/blockquote>\n<p>&nbsp;<\/p>\n<h2>CALENDARIO Y HORARIO<\/h2>\n<ul>\n<li>\n<div class=\"x_elementToProof\"><span class=\"ContentPasted4\">Viernes 26 de enero de 17 a 21h<\/span><\/div>\n<\/li>\n<li>\n<div class=\"x_elementToProof\"><span class=\"ContentPasted4\">S\u00e1bado 27 de enero de 10h a 20 <em>(con pausa para el almuerzo al mediod\u00eda)<\/em><\/span><\/div>\n<\/li>\n<\/ul>\n<h2>DIRECCI\u00d3N<\/h2>\n<ul>\n<li><b class=\"ContentPasted4\">C\/ Gran V\u00eda de las Corts Catalanas, 671, 1\u00ba 1\u00aa. Barcelona.<\/b><\/li>\n<\/ul>\n<h2>PROFESIONALES FACILITADORES<\/h2>\n<p><span style=\"color: #ff9900;\"><strong>LLUIS CAMINO <\/strong><\/span>trabaja como terapeuta familiar y de pareja en su consulta privada de Barcelona (Desde el a\u00f1o 95 a la actualidad).Trabajador social cl\u00ednico. Especialista en el tratamiento de las adicciones. Formado en psicoterapia familiar sist\u00e9mica y gestalt. Del a\u00f1o 90 al 2013 ha trabajado en el servicio p\u00fablico de prevenci\u00f3n y tratamiento de las drogodependencias del CAS Fontsanta, Cornell\u00e0 del Llobregat. Docente de los talleres \u00abVolver a casa\u00bb para la elaboraci\u00f3n del impacto en procesos de p\u00e9rdida, muerte y duelo, seg\u00fan el m\u00e9todo de trabajo de E. K\u00fcbler-*Ross.Su primer taller lo realiz\u00f3 como participante en 92 y a partir del 95 hizo formaci\u00f3n a la Fundaci\u00f3n \u00abVolver a casa\u00bb, desde el 97 es docente en los talleres sobre los procesos de p\u00e9rdidas y duelo.<\/p>\n<p><strong><span style=\"color: #ff9900;\">LOLE NAVARRO <\/span><\/strong> terapeuta gestalt. Diplomada en Ciencias de la Educaci\u00f3n. Formada en ter\u00e1pia gestalt y fam\u00edlia de orientaci\u00f3n sist\u00e9mica. Diplomada en masaje Shiatsu y masaje californiano sensitivo. Formada en movimento expresivo. Desde 2005 colabora como docente en los talleres sobre p\u00e9rdidas y duelo.<\/p>\n<p><a href=\"https:\/\/lluiscamino.com\/talleres\/duelo-y-perdidas\" target=\"_blank\" rel=\"noopener\">+ INFORMACI\u00d3N<\/a><\/p>\n<h2>MATRICULA<\/h2>\n<h4><strong>PLAZAS LIMITADAS<\/strong><\/h4>\n<p><strong>Aportaci\u00f3n: 160\u20ac <\/strong><\/p>\n<h2>INSCRIPCIONES<\/h2>\n<p><a href=\"https:\/\/avesgams.org\/es\/#contacte\">CONTACTA CON NOSOTROS<\/a><\/p>\n","protected":false},"excerpt":{"rendered":"<p>Este taller se inspira en el trabajo de la Dra. E. K\u00fcbler-Ross (EUA), que en los a\u00f1os 70 dise\u00f1\u00f3 un taller residencial, llamado \u00abla vida, la muerte y la transici\u00f3n\u00bb. Cualquier ser humano natural y formal, enfrent\u00e1ndose a la p\u00e9rdida de cualquier tipo, pasar\u00e1 desde el choque hasta la aceptaci\u00f3n.\u00bb \u00abLas personas mas bonitas con [&hellip;]<\/p>\n","protected":false},"author":1,"featured_media":9386,"comment_status":"open","ping_status":"closed","template":"","tags":[],"mec_category":[128,142],"class_list":["post-1797","mec-events","type-mec-events","status-publish","has-post-thumbnail","hentry","mec_category-actividades","mec_category-talleres"],"_links":{"self":[{"href":"https:\/\/avesgams.org\/es\/wp-json\/wp\/v2\/mec-events\/1797","targetHints":{"allow":["GET"]}}],"collection":[{"href":"https:\/\/avesgams.org\/es\/wp-json\/wp\/v2\/mec-events"}],"about":[{"href":"https:\/\/avesgams.org\/es\/wp-json\/wp\/v2\/types\/mec-events"}],"author":[{"embeddable":true,"href":"https:\/\/avesgams.org\/es\/wp-json\/wp\/v2\/users\/1"}],"replies":[{"embeddable":true,"href":"https:\/\/avesgams.org\/es\/wp-json\/wp\/v2\/comments?post=1797"}],"wp:featuredmedia":[{"embeddable":true,"href":"https:\/\/avesgams.org\/es\/wp-json\/wp\/v2\/media\/9386"}],"wp:attachment":[{"href":"https:\/\/avesgams.org\/es\/wp-json\/wp\/v2\/media?parent=1797"}],"wp:term":[{"taxonomy":"post_tag","embeddable":true,"href":"https:\/\/avesgams.org\/es\/wp-json\/wp\/v2\/tags?post=1797"},{"taxonomy":"mec_category","embeddable":true,"href":"https:\/\/avesgams.org\/es\/wp-json\/wp\/v2\/mec_category?post=1797"}],"curies":[{"name":"wp","href":"https:\/\/api.w.org\/{rel}","templated":true}]}}

TALLER DE ELABORACIÓN EMOCIONAL SEGÚN EL MÉTODO DE ELISABETH KÜBLER-ROSS

<p>Este taller se inspira en el trabajo de la Dra. E. Kübler-Ross (EUA), que en los años 70 diseñó un taller residencial, llamado <em><strong>«la vida, la muerte y la transición».</strong></em></p>
<blockquote><p><span style="color: #808080;"><em>Cualquier ser humano natural y formal, enfrentándose a la pérdida de cualquier tipo, pasará desde el choque hasta la aceptación.» </em></span></p>
<p><em>«Las personas mas bonitas con las que me he encontrado son aquellas que han conocido la derrota, conocido el sufrimiento, conocido la lucha, conocido la pérdida, y han encontrado su manera de salir de las profundidades. Estas personas tienen una apreciación, una sensibilidad y una comprensión de la vida que los llena de compasión, humildad y una profunda inquietud amorosa. La gente bonita no surge del nada.»</em></p></blockquote>
<p><em><span style="color: #808080;"><strong>Dra. Elisabeth Kübler-Ross</strong></span></em></p>
<p><strong>El terapeuta Lluís Camino hace más de 20 años que facilita este taller y crea un espacio seguro, confidencial, de respeto y de cura, donde podemos expresar y transitar nuestras emociones con el fin de poder elaborarlas y avanzar de una manera saludable en nuestro proceso de duelo.</strong></p>
<h2>TALLER ORIENTADO A :</h2>
<blockquote>
<p style="text-align: left; padding-left: 40px;">Personas que se enfrentan a pérdidas o cambios importantes en su vida. Especialmente personas en duelo <em>(muerte de un ser querido, separación, divorcio, enfermedad, aborto, pérdida de trabajo, etc).</em></p>
<p style="text-align: left; padding-left: 40px;"> Personas que deseen realizar un trabajo de crecimiento personal.</p>
<p style="text-align: left; padding-left: 40px;">Personas con enfermedades crónicas o terminales.</p>
<p style="text-align: left; padding-left: 40px;">Personas con estrés o que se sienten agotadas en su vida profesional o en su trabajo diario.</p>
<p style="text-align: left; padding-left: 40px;">Profesionales de la asistencia sanitaria, mental y humana o toda persona comprometida en relaciones de ayuda.</p>
<p style="text-align: left; padding-left: 40px;">Personas que han sufrido abusos sexuales, maltrato físico o emocional en su infancia o posteriormente.</p>
<p style="text-align: left; padding-left: 40px;">Personas que ya han realizado el taller y quieren actualizar temas emocionales pendientes. Este taller se puede repetir como proceso ante las pérdidas que van apareciendo en la vida.</p>
</blockquote>
<p>&nbsp;</p>
<h2>CALENDARIO Y HORARIO</h2>
<ul>
<li>
<div class="x_elementToProof"><span class="ContentPasted4">Viernes 26 de enero de 17 a 21h</span></div>
</li>
<li>
<div class="x_elementToProof"><span class="ContentPasted4">Sábado 27 de enero de 10h a 20 <em>(con pausa para el almuerzo al mediodía)</em></span></div>
</li>
</ul>
<h2>DIRECCIÓN</h2>
<ul>
<li><b class="ContentPasted4">C/ Gran Vía de las Corts Catalanas, 671, 1º 1ª. Barcelona.</b></li>
</ul>
<h2>PROFESIONALES FACILITADORES</h2>
<p><span style="color: #ff9900;"><strong>LLUIS CAMINO </strong></span>trabaja como terapeuta familiar y de pareja en su consulta privada de Barcelona (Desde el año 95 a la actualidad).Trabajador social clínico. Especialista en el tratamiento de las adicciones. Formado en psicoterapia familiar sistémica y gestalt. Del año 90 al 2013 ha trabajado en el servicio público de prevención y tratamiento de las drogodependencias del CAS Fontsanta, Cornellà del Llobregat. Docente de los talleres «Volver a casa» para la elaboración del impacto en procesos de pérdida, muerte y duelo, según el método de trabajo de E. Kübler-*Ross.Su primer taller lo realizó como participante en 92 y a partir del 95 hizo formación a la Fundación «Volver a casa», desde el 97 es docente en los talleres sobre los procesos de pérdidas y duelo.</p>
<p><strong><span style="color: #ff9900;">LOLE NAVARRO </span></strong> terapeuta gestalt. Diplomada en Ciencias de la Educación. Formada en terápia gestalt y família de orientación sistémica. Diplomada en masaje Shiatsu y masaje californiano sensitivo. Formada en movimento expresivo. Desde 2005 colabora como docente en los talleres sobre pérdidas y duelo.</p>
<p><a href="https://lluiscamino.com/talleres/duelo-y-perdidas" target="_blank" rel="noopener">+ INFORMACIÓN</a></p>
<h2>MATRICULA</h2>
<h4><strong>PLAZAS LIMITADAS</strong></h4>
<p><strong>Aportación: 160€ </strong></p>
<h2>INSCRIPCIONES</h2>
<p><a href="https://avesgams.org/es/#contacte">CONTACTA CON NOSOTROS</a></p>

<p>Este taller se inspira en el trabajo de la Dra. E. Kübler-Ross (EUA), que en los años 70 diseñó un taller residencial, llamado «la vida, la muerte y la transición». Cualquier ser humano natural y formal, enfrentándose a la pérdida de cualquier tipo, pasará desde el choque hasta la aceptación.» «Las personas mas bonitas con [&hellip;]</p>
