{"id":11444,"date":"2025-01-20T11:14:24","date_gmt":"2025-01-20T11:14:24","guid":{"rendered":"https:\/\/avesgams.org\/events\/grupo-de-filosofia-practica-y-espiritualidad\/"},"modified":"2025-01-20T15:41:23","modified_gmt":"2025-01-20T15:41:23","slug":"grupo-de-filosofia-practica-y-espiritualidad","status":"publish","type":"mec-events","link":"https:\/\/avesgams.org\/es\/events\/grupo-de-filosofia-practica-y-espiritualidad\/","title":{"rendered":"GRUPO DE FILOSOFIA PR\u00c1CTICA Y ESPIRITUALIDAD"},"content":{"rendered":"<h3><strong><em>LA CONDICI\u00d3N HUMANA. UNIDAD, PLURALIDAD Y ESPIRITUALIDAD<\/em><\/strong><\/h3>\n<p><strong>De la mano de la profesora de universidad Carmen Dan\u00e8s iniciamos LA SEGONDA EDICI\u00d3N DE ESTE GRUPO. <\/strong><\/p>\n<p>Para asistir a este taller <strong>no hace falta tener ning\u00fan conocimiento previo de filosof\u00eda.<\/strong> Es un taller abierto a todas y todos y para quien quiera compartir y profundizar en las experiencias vividas en el marco del pensamiento de hoy.<\/p>\n<blockquote>\n<p class=\"cvGsUA direction-ltr align-justify para-style-body\"><span class=\"OYPEnA font-feature-liga-off font-feature-clig-off font-feature-calt-off text-decoration-none text-strikethrough-none\">Nuestra \u00e9poca se presenta en un marco hist\u00f3rico que se\u00f1ala una <strong>realidad plural y una cultura polif\u00f3nica<\/strong>. Desde este escenario y de la mano de algunos de los pensadores m\u00e1s paradigm\u00e1ticos, <strong>reflexionaremos y pensaremos<\/strong> cu\u00e1les son los recursos esenciales que nos permitir\u00e1n afrontar <strong>la realidad y nuestra propia existencia<\/strong>.<\/span><\/p>\n<p class=\"cvGsUA direction-ltr align-justify para-style-body\"><span class=\"OYPEnA font-feature-liga-off font-feature-clig-off font-feature-calt-off text-decoration-none text-strikethrough-none\">La metodolog\u00eda que seguiremos tiene como objetivo activar nuestra capacidad cr\u00edtica y situarnos en un espacio abierto y libre que nos ayudar\u00e1 a <strong>entender y a querer, desde un \u00e1mbito nuevo, nuestra condici\u00f3n humana.<\/strong><\/span><\/p>\n<\/blockquote>\n<h3>HORARIO<\/h3>\n<p>Lunes cada quince d\u00edas de 17.30h a 19h<\/p>\n<p>Actividad de febrero a junio. <a href=\"https:\/\/avesgams.org\/es\/#calendari\">Consulta el calendario para conocer la programaci\u00f3n.<\/a><\/p>\n<h3>APORTACI\u00d3N<\/h3>\n<p>10\u20ac\/sesi\u00f3n<\/p>\n<h3>INSCRIPCIONES<\/h3>\n<p><a href=\"https:\/\/avesgams.org\/contacto\/\">Reserva tu plaza<\/a><\/p>\n","protected":false},"excerpt":{"rendered":"<p>LA CONDICI\u00d3N HUMANA. UNIDAD, PLURALIDAD Y ESPIRITUALIDAD De la mano de la profesora de universidad Carmen Dan\u00e8s iniciamos LA SEGONDA EDICI\u00d3N DE ESTE GRUPO. Para asistir a este taller no hace falta tener ning\u00fan conocimiento previo de filosof\u00eda. Es un taller abierto a todas y todos y para quien quiera compartir y profundizar en las [&hellip;]<\/p>\n","protected":false},"author":1,"featured_media":9389,"comment_status":"open","ping_status":"closed","template":"","tags":[],"mec_category":[128],"class_list":["post-11444","mec-events","type-mec-events","status-publish","has-post-thumbnail","hentry","mec_category-actividades"],"_links":{"self":[{"href":"https:\/\/avesgams.org\/es\/wp-json\/wp\/v2\/mec-events\/11444","targetHints":{"allow":["GET"]}}],"collection":[{"href":"https:\/\/avesgams.org\/es\/wp-json\/wp\/v2\/mec-events"}],"about":[{"href":"https:\/\/avesgams.org\/es\/wp-json\/wp\/v2\/types\/mec-events"}],"author":[{"embeddable":true,"href":"https:\/\/avesgams.org\/es\/wp-json\/wp\/v2\/users\/1"}],"replies":[{"embeddable":true,"href":"https:\/\/avesgams.org\/es\/wp-json\/wp\/v2\/comments?post=11444"}],"wp:featuredmedia":[{"embeddable":true,"href":"https:\/\/avesgams.org\/es\/wp-json\/wp\/v2\/media\/9389"}],"wp:attachment":[{"href":"https:\/\/avesgams.org\/es\/wp-json\/wp\/v2\/media?parent=11444"}],"wp:term":[{"taxonomy":"post_tag","embeddable":true,"href":"https:\/\/avesgams.org\/es\/wp-json\/wp\/v2\/tags?post=11444"},{"taxonomy":"mec_category","embeddable":true,"href":"https:\/\/avesgams.org\/es\/wp-json\/wp\/v2\/mec_category?post=11444"}],"curies":[{"name":"wp","href":"https:\/\/api.w.org\/{rel}","templated":true}]}}

GRUPO DE FILOSOFIA PRÁCTICA Y ESPIRITUALIDAD

<h3><strong><em>LA CONDICIÓN HUMANA. UNIDAD, PLURALIDAD Y ESPIRITUALIDAD</em></strong></h3>
<p><strong>De la mano de la profesora de universidad Carmen Danès iniciamos LA SEGONDA EDICIÓN DE ESTE GRUPO. </strong></p>
<p>Para asistir a este taller <strong>no hace falta tener ningún conocimiento previo de filosofía.</strong> Es un taller abierto a todas y todos y para quien quiera compartir y profundizar en las experiencias vividas en el marco del pensamiento de hoy.</p>
<blockquote>
<p class="cvGsUA direction-ltr align-justify para-style-body"><span class="OYPEnA font-feature-liga-off font-feature-clig-off font-feature-calt-off text-decoration-none text-strikethrough-none">Nuestra época se presenta en un marco histórico que señala una <strong>realidad plural y una cultura polifónica</strong>. Desde este escenario y de la mano de algunos de los pensadores más paradigmáticos, <strong>reflexionaremos y pensaremos</strong> cuáles son los recursos esenciales que nos permitirán afrontar <strong>la realidad y nuestra propia existencia</strong>.</span></p>
<p class="cvGsUA direction-ltr align-justify para-style-body"><span class="OYPEnA font-feature-liga-off font-feature-clig-off font-feature-calt-off text-decoration-none text-strikethrough-none">La metodología que seguiremos tiene como objetivo activar nuestra capacidad crítica y situarnos en un espacio abierto y libre que nos ayudará a <strong>entender y a querer, desde un ámbito nuevo, nuestra condición humana.</strong></span></p>
</blockquote>
<h3>HORARIO</h3>
<p>Lunes cada quince días de 17.30h a 19h</p>
<p>Actividad de febrero a junio. <a href="https://avesgams.org/es/#calendari">Consulta el calendario para conocer la programación.</a></p>
<h3>APORTACIÓN</h3>
<p>10€/sesión</p>
<h3>INSCRIPCIONES</h3>
<p><a href="https://avesgams.org/contacto/">Reserva tu plaza</a></p>

<p>LA CONDICIÓN HUMANA. UNIDAD, PLURALIDAD Y ESPIRITUALIDAD De la mano de la profesora de universidad Carmen Danès iniciamos LA SEGONDA EDICIÓN DE ESTE GRUPO. Para asistir a este taller no hace falta tener ningún conocimiento previo de filosofía. Es un taller abierto a todas y todos y para quien quiera compartir y profundizar en las [&hellip;]</p>
